 - -81815. List the prime factors of c.
25153
Suppose 3*o - 12*n + 15*n + 2646 = 0, -n - 1762 = 2*o. Let k = 1427 + o. List the prime factors of k.
547
Suppose 8*l - 15 = 1. Suppose -l*i = 37 + 1. Let f = i + 60. What are the prime factors of f?
41
Let p(c) = c**3 - 4*c**2 + 14*c - 53. Let s be p(4). What are the prime factors of (7 + 757 - -2) + s?
769
Suppose 4*l - 20741 = -7933. List the prime factors of l.
2, 1601
Let g(z) = 5*z - 28. Suppose 63 = -15*j + 8*j. Let c be g(j). Let k = c + 174. What are the prime factors of k?
101
Suppose 2*g = -2*a + 2038, 0*a = 3*a + 2*g - 3057. What are the prime factors of a?
1019
Let b(t) = -9*t**2 - 517*t + 148. List the prime factors of b(-47).
2, 3, 761
Let k(h) = 24*h**3 - h**2 + 13*h - 19. Suppose 0 = 9*g - 12*g + w + 12, 0 = 3*g + 4*w + 3. What are the prime factors of k(g)?
659
Suppose 30*m = -2*m + 247648. List the prime factors of m.
71, 109
Suppose 6839825 = 63*b + 1684094. What are the prime factors of b?
3, 7, 433
Let c = -9785 + 30213. List the prime factors of c.
2, 5107
Suppose -248*k + 123*k = -84*k - 1979767. List the prime factors of k.
109, 443
Suppose 2*f - 3*t = -1625, 4*t = -5*f - 0*t - 4097. Let x = f + 1634. What are the prime factors of x?
19, 43
Let t = -33062 + 64433. List the prime factors of t.
3, 10457
Let r(x) = 2*x**3 + 6*x**2 - 68*x + 1028. List the prime factors of r(12).
2, 11, 103
Suppose -3*s = -4*p - 40 + 230, -2*p = -5*s - 326. Let h = s - -197. Suppose 5*a = 3*z + a - 412, z = -5*a + h. What are the prime factors of z?
2, 17
Let i be (-346)/(1/6 - (-4)/(-6)). Suppose -2*b - 1578 = -4*u, -5*b = 5*u - 1243 - i. Suppose u = 3*q - x, -2*x - 20 = 2*x. List the prime factors of q.
3, 43
Suppose 2*l + 38 = z, 4*z = -3*l + z - 66. Let u(s) = 2*s + 14. Let c be u(-10). List the prime factors of 10/15*c*l.
2, 5
Suppose z + y = -10, -19*z + 15*z = -4*y + 40. Let p(f) = -f - 4. Let n be p(-3). What are the prime factors of (-2)/(z/75) - n?
2
Let z(i) = 405*i**2 - 232*i + 2901. List the prime factors of z(12).
3, 43, 151
Let u = -1599 - -7108. Suppose -583 = 6*i - u. List the prime factors of i.
821
What are the prime factors of ((-11350)/(-15))/(6/45)?
5, 227
Let d = -158 - -90. Let w = 156 + d. Let x = w - 55. What are the prime factors of x?
3, 11
List the prime factors of (-2270 - -305)*(-27)/5.
3, 131
Let g be -1 + (12/2 - 0). Suppose 4*n + g*j + 1824 = 0, -4*n + 9*n + 4*j = -2280. Let r = -311 - n. List the prime factors of r.
5, 29
Let a(d) = d**2 + 13*d + 45. Let v be a(-10). Suppose -419 = -f + s - v, 4*f - 1576 = -4*s. What are the prime factors of f?
3, 7, 19
Let s = 74173 + -44250. What are the prime factors of s?
23, 1301
Suppose 15*b - 313 - 5762 = 0. Let j = -313 + b. What are the prime factors of j?
2, 23
Suppose 14*r + 2 - 16 = 0. What are the prime factors of 155*(133/35 - r)?
2, 7, 31
Let d(v) = -2*v**3 - 18*v**2 + 3*v + 21. Let m be d(-9). What are the prime factors of (76/m)/((-2)/33)?
11, 19
Suppose 0 = -3*w + 1167 + 219. Suppose 3*a - 510 = w. Suppose -d = 5*d - a. What are the prime factors of d?
2, 3
Let w(y) be the first derivative of -y**3/3 + 51*y**2/2 - 13*y + 83. List the prime factors of w(28).
631
Let k(w) = w**3 - 18*w**2 + 2*w - 33. Let c be k(18). Suppose 2*q - 76 = -c*q - 4*z, 2*q + z = 31. What are the prime factors of q?
2
Let y = 1895 - -553. Suppose -55*k = -39*k - y. List the prime factors of k.
3, 17
Suppose 187*p - 12624 - 30216 = -221*p. List the prime factors of p.
3, 5, 7
Let f(c) = 86*c**3 - c**2 + 26*c - 89. Let w be f(3). Suppose 3*r - w = -5*i, -5*r + 1272 = 3*i - 2538. List the prime factors of r.
3, 11, 23
List the prime factors of (21/(-28))/((-18)/80688).
2, 41
Let v = 82 - 77. Let u = 45 - v. List the prime factors of u - (16/(-6))/((-20)/(-30)).
2, 11
Suppose 0 = -10*b - 123*b - 37*b + 6727240. What are the prime factors of b?
2, 13, 761
Suppose 32 = 10*o - 2*o. What are the prime factors of o/(-28)*-3 + 9651/21?
2, 5, 23
Let u = -925 - -6378. What are the prime factors of u?
7, 19, 41
What are the prime factors of 2 + 774174/51 + 106/901?
2, 7591
Let o(c) = 82*c**2 - 40*c - 209. List the prime factors of o(-8).
23, 233
Let t = -239 + -598. List the prime factors of -6*(5 - (t/(-6) + 0)).
3, 269
Let y(h) = h**3 + 7*h**2 - 12*h - 22. Let l be y(-8). List the prime factors of ((-3050 - -1) + 3)*(-5)/l.
1523
Let o(c) = 76*c - 12. Let x be o(2). Suppose 131*m = x*m - 8415. What are the prime factors of m?
5, 11, 17
Let k = 6518 - -11286. List the prime factors of k.
2, 4451
Suppose -3*s = 5*v - 28, -20 = -v + 3*s - 0*s. Suppose 13*r - 2155 = v*r. What are the prime factors of r?
431
Suppose 4 = 2*y - 2. Let v be (-119)/2*(-7 - 382/14). Suppose 9*j - v = -y*j. What are the prime factors of j?
2, 5, 17
Let i(x) = -2*x**3 + 9*x**2 - 5*x. Let b be i(4). Let m(q) = q**3 + 3*q**2 - 4*q - 11. Let a be m(b). Let y = 70 + a. List the prime factors of y.
59
Let f(d) = 1755*d - 11817. List the prime factors of f(19).
2, 3, 13, 23
Suppose 5*y = g - 145, -3*g + 2*y + y + 411 = 0. List the prime factors of 1076/(-3)*g/(-180).
269
Let m = 79 + -139. Let d = -56 - m. Suppose w + 5*f = 2*w - 26, 5*w + d*f = 101. What are the prime factors of w?
3, 7
Suppose 0 = 13*y - 209765 + 18626. List the prime factors of y.
3, 13, 29
Let f(c) = 258*c**3 + 18*c**2 - 27*c - 24. List the prime factors of f(5).
3, 10847
Let a(x) = 12*x**3 + 19*x**2 - 54*x - 92. List the prime factors of a(9).
7, 19, 73
Let f = -162 - -164. Suppose 0 = -f*b - r + 3*r + 740, 0 = 4*b - 5*r - 1482. List the prime factors of b.
2, 23
Let r(o) = -o**2 + 22*o - 16. Suppose 180 + 20 = 4*q. Suppose 16 = 5*c + 4*p - q, 3*c + 2*p = 40. What are the prime factors of r(c)?
2, 3
Let v = 107 - 82. Let l = v + -17. Suppose l*z = 16*z - 464. List the prime factors of z.
2, 29
Suppose -2*a = -3*s - 3762, 2*a - 5*s + 573 = 4319. What are the prime factors of a?
3, 631
Let u(t) = 54*t**2 - t - 14*t + 7*t + 13. What are the prime factors of u(3)?
5, 19
Let v be (220/(-70))/((-18)/(-21) + -1). Let b = 30 - v. Suppose -b*i = -9*i + 26. List the prime factors of i.
2, 13
Let k = 12098 + 5822. What are the prime factors of k?
2, 5, 7
Suppose 2*k + 83606 = 2*o, 5*o = 14*k - 6*k + 209039. List the prime factors of o.
5, 13, 643
Let j(p) = -33*p - 141. Let s be j(-36). What are the prime factors of 6 + (s/11 - (-18)/(-99))?
101
Suppose -27 = -8*g + 37. Suppose 4*o + 5*n - 21 = g*o, -10 = -5*o - n. Suppose 19 = 5*x - o. What are the prime factors of x?
2
Let p = -69 - -98. Suppose 0 = -p*l + 27*l - 8. List the prime factors of (l + 5)/(5/355).
71
Suppose -114*m = -107*m - 1981. Suppose -m = -12*a + 4169. List the prime factors of a.
7, 53
Let c be 4 + 0 + (172/(-2))/1. Let g = c + 30. Let u = g - -172. What are the prime factors of u?
2, 3, 5
Let j = 1010 + -412. Let u = j + -250. What are the prime factors of u?
2, 3, 29
Suppose -4*c = 4*v - 88, 0 = 5*c - 4*v - v - 140. Suppose -3*j + c = 2*j. Suppose -k + x = 6*x - 59, -j*k + 415 = -5*x. What are the prime factors of k?
79
Let w(k) = 5*k**2 - 6*k - 5. Let t be w(8). Suppose 58*u - 64*u = -114. Suppose -u*l = -22*l + t. List the prime factors of l.
89
Suppose -33*g + 98110 = -47123 - 56694. What are the prime factors of g?
29, 211
Let j(k) = -k**3 + 2*k**2 + k + 1. Let q(t) = 169*t**3 - 8*t**2 + t - 5. Let h(r) = 3*j(r) + q(r). List the prime factors of h(1).
2, 83
Let d = 340 - 335. Suppose 9*s = 5*s - d*r + 3405, -4255 = -5*s - 5*r. List the prime factors of s.
2, 5, 17
Let d(t) = -31*t - 10. Let s(c) = 2*c - 4. Let r be s(-3). Let y be d(r). Suppose -164 = -f - 5*q, -q + 5*q = 2*f - y. What are the prime factors of f?
2, 7, 11
What are the prime factors of ((-1 - 65)/2)/(40/(-13480))?
3, 11, 337
Let v(z) = -18*z**3 + z - 2. Let r(w) = w**2 - 5*w + 13. Let s be r(4). Suppose -n - 4*p - 18 = 0, 2*p + s = n + 3. List the prime factors of v(n).
2, 5, 7
Suppose 148 = 9*d + 103. Suppose -d*j = 6*g - 7*g + 1381, -5*j = 2*g - 2687. List the prime factors of g.
2, 3, 113
Suppose 5*d - 500 = -140. Suppose 0 = -3*v - 45 - d. Let s = v + 61. List the prime factors of s.
2, 11
Let q = -3587 + 11925. What are the prime factors of q?
2, 11, 379
Suppose 42*i - 37*i - 1950 = 0. Suppose 3*o - 250 = -2*d, -3*d + 3*o + i = -0*d. What are the prime factors of d?
2
L